Suppose 4*n + 0 = -20, z*n = b - 23. What are the prime factors of b?
3
Let o(q) = q**2 - 2*q + 1. Let i be o(2). Let p(y) = -4*y - 2 + 3 - i. What are the prime factors of p(-1)?
2
Suppose -12*n + 1601 - 281 = 0. List the prime factors of n.
2, 5, 11
Suppose -4*z + 3*z = -2. Suppose z*s - 54 = -s. Suppose 3*t - 3*k = -0*t + s, 0 = 4*k. What are the prime factors of t?
2, 3
Let l = 64 - 9. What are the prime factors of l?
5, 11
Let j(i) = i**3 - 3*i**2 - 3*i - 3. Let r(m) = 6*m**2 + m. Let d be r(-1). What are the prime factors of j(d)?
2
Let g(m) = -m**3 + 4*m**2 - 2*m. Suppose -3*d = 2*d - 15. What are the prime factors of g(d)?
3
List the prime factors of 8 - -266 - (0 - (-1 - -2)).
5, 11
Let k(v) = -v**2 - 4*v - 4. Let d be k(-4). Let s(a) = -3*a + 3. Let j(i) = -9*i + 8. Let q(h) = 3*j(h) - 8*s(h). What are the prime factors of q(d)?
2, 3
Let o(z) = z**3 - 9*z**2 - 11*z + 15. What are the prime factors of o(10)?
5
Let d(i) = 5*i**2 - 8*i + 8. Let c be d(6). List the prime factors of c/(-6)*(-12)/10.
2, 7
Let t = -1 + 8. Suppose -3*w + t*w - 64 = 0. What are the prime factors of (-1)/4 + 164/w?
2, 5
Let t(d) = 18*d**2 - 3*d + 5. List the prime factors of t(3).
2, 79
Suppose 4*g + 2*r - 44 = -g, -3*r + 21 = 3*g. List the prime factors of g.
2, 5
Suppose -g + 4*q = -71, g = -0*g + 2*q + 81. What are the prime factors of g?
7, 13
Suppose z - 4*n - 38 = 0, 0*n - 50 = -2*z - 5*n. List the prime factors of z.
2, 3, 5
List the prime factors of 698/8 - 2/8.
3, 29
Suppose 5*a - x = -11, -2*a - 4*x = -x + 1. What are the prime factors of 2/(-4) - 21/a?
2, 5
Let w be 10/4 - (-3)/2. Suppose t = w*t + 27. What are the prime factors of 4/6 - 66/t?
2
Let m = 201 - 136. What are the prime factors of m?
5, 13
Let h(s) = s**2 + 18*s + 27. List the prime factors of h(-19).
2, 23
Suppose -4*m - 76 = -4*t, 5*t + 2*m = -0*t + 60. Let o = t - 2. List the prime factors of o.
2, 3
Let n = -3 - -6. List the prime factors of (3/(n/(-4)))/(-2).
2
Let i = -9 + 13. Suppose -5*a - 6 = -2*c - 35, 0 = -5*c + i*a - 64. Let w = 27 + c. List the prime factors of w.
3, 5
Let h(f) = 2*f - 4. Let s be h(4). What are the prime factors of (s/16)/((-1)/(-44))?
11
Suppose -4*l - 4*s + 100 = 0, -23 = -l + 4*s - 7*s. List the prime factors of l.
2, 13
Let q be (-2)/3 + 8/3. Suppose q*i = n + 23, -3*i + 4*n = i - 40. What are the prime factors of i?
13
Suppose 3*k = 5*k. List the prime factors of 0 + k + (-44)/(-4).
11
Let t(q) = -q**2 + q + 4. Let s be t(0). Suppose s*b = -5 + 37. List the prime factors of b.
2
Suppose -2*g - 3*g - 10 = 0. Let o be (-18)/g + (0 - 1). Suppose -2*x + x = -o. What are the prime factors of x?
2
Let j(g) = -6*g - 5. Let y = -14 - -7. What are the prime factors of j(y)?
37
Suppose -19*q = -18*q - 68. List the prime factors of q.
2, 17
Let p be (-1 + 2)*-9*1. Suppose -4*c = 5 - 1, 0 = -5*x + 3*c + 108. Let t = p + x. What are the prime factors of t?
2, 3
What are the prime factors of (-749)/(-9) + 10/(-45)?
83
Suppose 5*m + 8 = 28. Suppose 4*n + 114 = m*c + 6*n, -3*n + 47 = 2*c. What are the prime factors of c?
31
Suppose 0 = -5*b - 10, -6 = 3*k + b + 8. Let t be k/(-10) - 69/(-15). Suppose t = 2*f + 1. What are the prime factors of f?
2
Suppose c = 5*c + 5*r - 80, 3*c - 71 = -r. What are the prime factors of c?
5
Let z(y) = -y**2 + 9*y - 8. Let i be z(6). Suppose x - 2*v - 35 = -i, -10 = 2*v. List the prime factors of x.
3, 5
Suppose -4*q + 458 = 126. List the prime factors of q.
83
What are the prime factors of 344 - (-5 - (2 + -5))?
2, 173
Suppose -i + 71 = 13. List the prime factors of i.
2, 29
Let q(t) = -8*t**2 - 3*t - 3. Let w be q(-2). Let k = 11 - w. What are the prime factors of k?
2, 5
Suppose q - 106 = -n, 5*q - 8*q + 4*n = -346. What are the prime factors of q?
2, 5, 11
Let r be 4*(10 - 2/(-2)). Suppose y - 3*y + r = 0. List the prime factors of y.
2, 11
Suppose 0 = 4*z - 12 + 4. What are the prime factors of z?
2
Suppose -17 = 3*k - 68. What are the prime factors of k?
17
Let q = 20 - 2. List the prime factors of q.
2, 3
Suppose 165 = 3*l + 2*l. Suppose 2*b - 1 = -4*h + 17, 2*b = -h + l. List the prime factors of b.
19
Let o(u) = 16*u + 2. What are the prime factors of o(2)?
2, 17
Suppose 1965 + 505 = 13*m. List the prime factors of m.
2, 5, 19
Let p be 2 + 0/(-1) + -3. What are the prime factors of p/(-2)*(-2 + 8)?
3
Suppose -6*g + 700 = -2*g - 4*r, -520 = -3*g + 4*r. What are the prime factors of g?
2, 3, 5
Let i(q) = 41*q + 8. List the prime factors of i(5).
3, 71
Let g = -9 + 15. Suppose g*p - 2*p - 112 = 0. What are the prime factors of p?
2, 7
Suppose -3*g + 150 + 684 = 0. List the prime factors of g.
2, 139
Let t(d) = -d**3 - 13*d**2 - 4*d. What are the prime factors of t(-13)?
2, 13
Suppose 5*t = -15, 0 = -3*q - 0*t - 4*t. What are the prime factors of (-114)/q*28/(-21)?
2, 19
Suppose 3*r - 63 = -5*z, 0 = -r - 4*r + 4*z + 105. Suppose -2*c = 3*d - r, 0*c = d - c - 7. Let f = 7 + d. List the prime factors of f.
2, 7
Let t = -6 + 6. Let f = 4 - t. List the prime factors of f.
2
Suppose -3*l = -3*t + 390, 2*t - 6*t + 517 = -3*l. What are the prime factors of t?
127
Suppose 0 = -4*c + 5*c - 16. Suppose g = -3*g + c. Let q(z) = z**3 - 4*z**2 + 3*z - 6. What are the prime factors of q(g)?
2, 3
Suppose t = 2*t + 3. Let h = 1 + t. Let u = 6 + h. List the prime factors of u.
2
Suppose -25 + 0 = -5*z. Suppose 2*p - 2 = -z*c, 0*p + 1 = 4*c + p. Suppose 0 = -c*f + 3*f - 12. List the prime factors of f.
2
List the prime factors of -4*(-4)/16*5.
5
Suppose -4*r + 5*r = 3. Suppose 0*x + r*x + 27 = 2*t, 0 = 3*t + 2*x - 8. What are the prime factors of t?
2, 3
Let o(r) = -2*r**3 + r**2 - r - 1. Let k = -9 - -8. Let c be o(k). Suppose 3*w = 30 - c. List the prime factors of w.
3
Let l(m) = 2*m**2 + 7*m + 10. Let s(n) = -2*n + 7. Let c be s(6). List the prime factors of l(c).
5
Let q(k) = 3*k - 1. Let a be q(3). Suppose 3*d = m + 6, 2*m - a = -4*d - 0*m. What are the prime factors of d?
2
List the prime factors of 15*(-5)/(-25)*452/6.
2, 113
Let p be ((-6)/(-9))/(1/(-15)). What are the prime factors of ((-32)/p)/((-14)/(-35))?
2
Let g be -8 - (0 + (-1)/(-1)). Let f = g + 3. Let w = 5 - f. List the prime factors of w.
11
Suppose -5*b = -3*l - 416, l + 2 = 5. List the prime factors of b.
5, 17
Suppose 4*b + 38 = 2*u, -5*u + 25 = -3*b + 7*b. Let x = u + -3. What are the prime factors of x?
2, 3
Let z be 2/(-4) - 27/(-6). Let a(v) = -v**3 + 3*v**2 + v - 4. Let q be a(z). Let o = q + 26. What are the prime factors of o?
2, 5
Let q(a) = -4*a - 4. Let t(d) = -4*d - 5. Let z(y) = 4*q(y) - 3*t(y). List the prime factors of z(-5).
19
Let i(h) = -h**3 - 3*h**2 + 3*h. Let o be i(-4). Suppose -o*r = r - 25. What are the prime factors of r?
5
Let a be (2/3)/(3/9). List the prime factors of -3 + a/(2/11).
2
Suppose -4*p = -z - 257, -176 = -5*p + 5*z + 164. What are the prime factors of p?
3, 7
List the prime factors of 38*(-2 - -1)*(-23)/46.
19
Suppose 2*l + x = 15, 0 = 3*l - 8*l - x + 33. What are the prime factors of l?
2, 3
Let k be -1 + 1*(0 - -1). Suppose 2*q - 5*q = k. Suppose 4*a = -8, q = 5*t - 0*t - 3*a - 21. What are the prime factors of t?
3
Suppose 2*w = -2*w + 360. List the prime factors of w.
2, 3, 5
Let t(c) = -c - 4. Let v be t(-5). Let h(z) = 8*z**2 + z - 1. Let g be h(v). Let k(s) = 2*s - 11. What are the prime factors of k(g)?
5
Suppose -5*x = -0*x + 2*t - 2, 2 = 3*x + 2*t. Let i = 3 - x. Suppose i*r + 15 = 3*m, 0 = -4*m + 5*r + 7 + 11. List the prime factors of m.
7
Let v = -36 - -61. Let h(g) = -13*g**2 + g - 1. Let s be h(-1). Let d = v + s. List the prime factors of d.
2, 5
Suppose 3*z + 113 = 4*i - 2*i, -i = 5*z + 171. Let c be (-2 - z)*(1 - 0). Suppose 0*o = 3*o + 2*m - c, -4*m = -3*o + 33. List the prime factors of o.
11
Suppose -4*c + 117 = 25. What are the prime factors of c?
23
Let a = -6 + 0. Let v(f) = -3*f + 32. Let h(c) = c - 11. Let t(n) = 8*h(n) + 3*v(n). What are the prime factors of t(a)?
2, 7
What are the prime factors of -66*-1*4/8?
3, 11
Let u be 4/6 - (-1)/3. Let z(b) = 2*b + 5 + 6*b**2 - 5 + 3*b**2 - 1. List the prime factors of z(u).
2, 5
Suppose 2*a + 24 = 5*a. What are the prime factors of a?
2
Let h(x) = -2*x + x + 16*x. What are the prime factors of h(1)?
3, 5
Let z(c) = c**3 - 7*c**2 + c - 5. Let o be z(7). List the p